25673099 a composite number?
False
Is 36105881 composite?
True
Is 468761 prime?
True
Is 4802767 composite?
True
Is 832093763 a prime number?
True
Is 11301893 a composite number?
False
Is 41677221 a prime number?
False
Is 301199 a composite number?
True
Is 45215879 prime?
True
Is 540151793 a composite number?
False
Is 124574911 a composite number?
False
Is 2218206847 a composite number?
False
Is 575355449 prime?
True
Is 21898117 a prime number?
False
Is 178320007 a prime number?
False
Is 3904581 composite?
True
Is 110681323 a composite number?
True
Is 258351139 a prime number?
False
Is 89653433 a composite number?
False
Is 702573455 composite?
True
Is 1923521 a prime number?
True
Is 13729399 composite?
False
Is 11296723 prime?
False
Is 503468831 a composite number?
False
Is 158753 composite?
True
Is 8865949 composite?
True
Is 9179923 prime?
False
Is 153121277 prime?
True
Is 12781669 prime?
True
Is 210511786 composite?
True
Is 56679703 a composite number?
False
Is 752977 prime?
True
Is 8395291 composite?
False
Is 2712541 a composite number?
True
Is 983387 composite?
True
Is 3686999 a prime number?
True
Is 2073563 a composite number?
False
Is 1691507 a composite number?
False
Is 43402001 composite?
False
Is 4354459 a composite number?
True
Is 289929 prime?
False
Is 926411 prime?
True
Is 34490627 a composite number?
False
Is 1679993 prime?
False
Is 3639653 a composite number?
True
Is 32764081 a prime number?
False
Is 17605909 prime?
True
Is 133375483 prime?
False
Is 310827571 a prime number?
False
Is 3720293 prime?
True
Is 5543809 prime?
False
Is 1199257 a prime number?
True
Is 3081157 a composite number?
True
Is 46754843 prime?
False
Is 30318287 a composite number?
True
Is 99968357 a composite number?
False
Is 37143971 a prime number?
True
Is 3998679 a composite number?
True
Is 280689509 a composite number?
True
Is 1684343 prime?
False
Is 4787491 prime?
False
Is 705521 composite?
False
Is 24623471 a prime number?
True
Is 5964077 a composite number?
True
Is 15062141 prime?
True
Is 2527157 prime?
True
Is 146464169 composite?
True
Is 529649401 composite?
True
Is 162118577 prime?
True
Is 17310281 a composite number?
False
Is 167554853 a prime number?
False
Is 2232749 composite?
False
Is 25770559 a composite number?
True
Is 411897127 a prime number?
False
Is 1143869 composite?
True
Is 85590173 a prime number?
False
Is 112675537 a prime number?
False
Is 57602617 a prime number?
True
Is 745760527 a composite number?
False
Is 2085313 composite?
True
Is 431105519 a composite number?
True
Is 19240583 prime?
False
Is 3538019 composite?
True
Is 36432415 composite?
True
Is 6733957 a prime number?
True
Is 225863 a prime number?
False
Is 5248847 composite?
True
Is 78807737 a prime number?
True
Is 3667267 prime?
False
Is 92309618 a prime number?
False
Is 4289341 composite?
True
Is 17098231 a prime number?
True
Is 3711469 a composite number?
True
Is 15214153 prime?
False
Is 36817909 prime?
True
Is 69861427 composite?
False
Is 208647049 prime?
False
Is 27146087 composite?
False
Is 3432434 a prime number?
False
Is 91412611 composite?
True
Is 87866 prime?
False
Is 4252405 composite?
True
Is 4138571 a composite number?
True
Is 31481321 a composite number?
False
Is 4142771 a prime number?
False
Is 25429163 prime?
False
Is 2496973 a composite number?
False
Is 15159731 a composite number?
False
Is 645283 a composite number?
True
Is 505213 a composite number?
False
Is 2254961 prime?
True
Is 1986101 a composite number?
True
Is 17457031 a composite number?
True
Is 13780733 composite?
False
Is 6739541 a prime number?
True
Is 4339493 a composite number?
True
Is 11804021 prime?
True
Is 592451 a composite number?
False
Is 5384539 prime?
False
Is 2558273 a composite number?
True
Is 58266827 a prime number?
False
Is 1962941 a composite number?
False
Is 51666391 a composite number?
True
Is 208753 composite?
True
Is 1428283 composite?
True
Is 951449 composite?
False
Is 7622123 a prime number?
True
Is 159983 a composite number?
True
Is 594857 prime?
True
Is 15225459 a composite number?
True
Is 55950341 prime?
True
Is 593521 a composite number?
True
Is 54904349 prime?
True
Is 559029 a prime number?
False
Is 3407881 a prime number?
True
Is 81322387 a prime number?
False
Is 242377549 a prime number?
True
Is 9747077 a prime number?
True
Is 880512733 prime?
True
Is 220699 a prime number?
True
Is 5510207 composite?
False
Is 14308403 prime?
True
Is 1167359 composite?
False
Is 10117985 a composite number?
True
Is 2667019 a composite number?
False
Is 4318949 a composite number?
False
Is 15324046 a prime number?
False
Is 1316856583 a composite number?
True
Is 144839515 prime?
False
Is 1181293 a composite number?
False
Is 245776669 composite?
False
Is 100533583 a prime number?
False
Is 3033671 composite?
False
Is 1557033 prime?
False
Is 1048303231 a prime number?
True
Is 11405119 a composite number?
True
Is 568571 a prime number?
False
Is 2531909 composite?
True
Is 11049211 a composite number?
False
Is 350685281 prime?
True
Is 1250141 a prime number?
True
Is 5641283 a prime number?
False
Is 416854951 composite?
True
Is 151057726 a prime number?
False
Is 29863541 a prime number?
True
Is 52974743 a composite number?
True
Is 3179173 a composite number?
False
Is 90377801 composite?
False
Is 1786807169 a prime number?
False
Is 81732713 composite?
False
Is 180270919 a composite number?
True
Is 8179273 composite?
False
Is 268722761 a composite number?
True
Is 78401093 composite?
True
Is 504184157 composite?
True
Is 8152666 composite?
True
Is 24537517 prime?
True
Is 3932179 prime?
True
Is 284407 prime?
True
Is 14660323 a composite number?
False
Is 1090799 a composite number?
False
Is 2368581 prime?
False
Is 13427579 a prime number?
False
Is 12586947 a composite number?
True
Is 701189981 a composite number?
False
Is 25560389 composite?
False
Is 383321 composite?
False
Is 5641241 prime?
True
Is 29762287 a composite number?
False
Is 2239181 prime?
False
Is 453239 composite?
False
Is 34341 prime?
False
Is 16502455 a prime number?
False
Is 1272299 a composite number?
True
Is 23456577 a composite number?
True
Is 1360465 composite?
True
Is 2505337 prime?
True
Is 1015669 a composite number?
True
Is 18851219 a prime number?
False
Is 2536241 a prime number?
True
Is 481178449 a composite number?
False
Is 998485 a prime number?
False
Is 287858023 a prime number?
True
Is 4526033 composite?
False
Is 72644653 a composite number?
True
Is 63735869 composite?
True
Is 16262635 prime?
False
Is 10424243 a prime number?
True
Is 1108883 composite?
True
Is 12044905 prime?
False
Is 46417619 a composite number?
False
Is 6943177 composite?
False
Is 1844069 prime?
False
Is 232350467 a composite number?
False
Is 23200451 a composite number?
False
Is 125796943 a composite number?
False
Is 566327359 composite?
True
Is 7510693 a prime number?
False
Is 22998293 prime?
True
Is 23358913 a composite number?
True
Is 776491 a prime number?
False
Is 639964439 a composite number?
True
Is 130517879 composite?
False
Is 447913 a composite number?
True
Is 14361722 composite?
True
Is 8203451 composite?
False
Is 1423358 a composite number?
True
Is 59435603 a prime number?
True
Is 2063093 a composite number?
True
Is 67759667 a prime number?
True
Is 7955863 a prime number?
True
Is 22632279 a composite number?
True
Is 2100983 composite?
False
Is 22273379 composite?
False
Is 75463445 composite?
True
Is 119062003 composite?
True
Is 2902811 a prime number?
True
Is 324656485 a prime number?
False
Is 11821633 a composite number?
True
Is 501864527 a prime number?
False
Is 173801 a composite number?
True
Is 749967 a prime number?
False
Is 4323541 a prime number?
True
Is 83523269 a composite number?
True
Is 1016647 a prime number?
False
Is 7481338 composite?
True
Is 19805722 prime?
False
Is 95111 prime?
True
Is 46113773 prime?
True
Is 8847173 a composite number?
True
Is 497723 a composite number?
True
Is 40282259 a prime number?
True
Is 104457182 a composite number?
True
Is 1126999 a prime number?
True
Is 158151379 a composite number?
False
Is 273967541 a composite number?
False
Is 1077773 a prime number?
False
Is 84958499 prime?
True
Is 547603 a prime number?
False
Is 5290541 a prime number?
True
Is 590711761 a prime number?
True
Is 1962893 a prime n